 s(c) = -2*c**3 - 509*c**2 + 3533*c + 36532. What is s(-261)?
-8
Let d(l) = l**3 + 53*l**2 + 726*l + 50055. Calculate d(-56).
-9
Let z(x) = -x**3 + 2*x**2 + 404*x + 685. Calculate z(22).
-107
Let g(b) = 8*b**3 + 28*b**2 + 103*b + 106. Calculate g(-2).
-52
Let t(d) = -12716*d + 63594. Give t(5).
14
Let i(r) = -r**3 + 97*r**2 - 264*r - 2348. Give i(94).
-656
Let q(g) = g**3 - 60*g**2 + 330*g - 328. Determine q(54).
-4
Let b(y) = -30141*y - 12267369. Give b(-407).
18
Let l(f) = -f**2 - 103166*f - 1134709. What is l(-11)?
-4
Let r(a) = 19854*a + 24777775. Give r(-1248).
-17
Let p(v) = -24*v**2 - 74*v + 462. Calculate p(7).
-1232
Let w(t) = -3040*t + 24348. Give w(8).
28
Let t(q) = 24*q**2 - 1521*q + 23834. Determine t(35).
-1
Let p(m) = -7*m**2 - 1733*m + 1396. Calculate p(-248).
652
Let v(u) = -u**2 - 3098*u + 37327. What is v(12)?
7
Let h(q) = -472231*q - 10389100. Give h(-22).
-18
Let r(y) = -1216*y - 99500. What is r(-82)?
212
Let n(t) = -694*t + 9681. What is n(14)?
-35
Let d(z) = 12*z**2 + 4411*z - 290435. Calculate d(57).
-20
Let k(x) = -10*x**3 - 26*x**2 + 9*x + 34. Calculate k(-1).
9
Let a(c) = -135*c - 2028. Determine a(-11).
-543
Let k(i) = 367*i + 6319. Determine k(-18).
-287
Let t(b) = 195*b**2 + 1181*b - 2283. Determine t(2).
859
Let x(p) = p**3 - 8*p**2 - 188*p + 1226. Calculate x(16).
266
Let b(n) = n**3 + 23*n**2 + 535*n + 10168. Determine b(-21).
-185
Let f(q) = -49*q + 2538. Determine f(18).
1656
Let k(h) = 2035*h + 43550. Give k(-21).
815
Let f(a) = a**3 + 121*a**2 + 249*a + 1636. Calculate f(-119).
327
Let r(c) = -24*c**3 + 959*c**2 + 16*c + 352. Give r(40).
-608
Let h(w) = 4*w**3 - 332*w**2 + 426*w - 93. Determine h(1).
5
Let x(i) = -i**3 - 40*i**2 + 141*i + 6944. Give x(-39).
-76
Let m(u) = 98*u**2 + 34303*u + 1055. Calculate m(-350).
5
Let o(t) = 2*t**3 + 30072*t**2 - 270817*t + 71. Determine o(9).
8
Let s(d) = d**3 - 136*d**2 + 1094*d - 74716. What is s(132)?
-4
Let q(g) = g**3 - 348*g**2 + 146*g + 69781. What is q(347)?
34
Let p(x) = 29*x + 1497. Determine p(-61).
-272
Let r(g) = -g**2 - 74*g - 555. Determine r(-9).
30
Let m(q) = 4*q**2 - 324*q + 2995. Calculate m(58).
-2341
Let i(s) = 1015*s + 10234. What is i(-10)?
84
Let s(d) = d**3 + 84*d**2 - 403*d + 12190. Give s(-90).
-140
Let v(m) = -6*m**3 + 224*m**2 - 75*m + 59. Calculate v(37).
22
Let d(x) = 5*x**3 - 1171*x**2 + 434*x - 46806. Give d(234).
-6
Let z(q) = -67*q + 2353. Give z(34).
75
Let s(f) = -8*f**3 + 6*f**2 + 203*f - 644. Calculate s(3).
-197
Let x(r) = -2*r**3 - 21*r**2 + 304*r + 2880. Determine x(-14).
-4
Let z(c) = 13787*c + 179037. What is z(-13)?
-194
Let l(q) = 1029*q + 31972. Determine l(-30).
1102
Let o(d) = -133027*d + 1064221. Determine o(8).
5
Let b(j) = -j**2 + 21022*j + 3517208. Calculate b(-166).
0
Let u(k) = -32*k**3 + 12*k**2 + 125*k + 112. Calculate u(-1).
31
Let b(n) = -n**3 - 26*n**2 - 145*n - 208. Determine b(-13).
-520
Let s(u) = -980*u + 109870. Calculate s(112).
110
Let u(w) = 1413*w - 18533. What is u(13)?
-164
Let t(f) = -f**2 - 224*f - 13370. Give t(-86).
-1502
Let n(v) = -3*v**2 + 243*v + 1019. What is n(-4)?
-1
Let k(f) = -822*f - 179207. Determine k(-218).
-11
Let o(j) = -3*j**2 - 95720*j - 287132. Calculate o(-3).
1
Let z(b) = -4035*b + 459936. What is z(114)?
-54
Let n(x) = 3*x**3 + 58*x**2 - 30*x - 533. What is n(-16)?
2507
Let d(j) = -27428*j + 54635. Give d(2).
-221
Let t(n) = -222*n - 6840. What is t(-31)?
42
Let h(o) = -19962*o - 99787. Calculate h(-5).
23
Let g(f) = 66*f + 2773. Give g(-26).
1057
Let b(k) = k**2 - 39*k - 1880. Give b(-28).
-4
Let h(j) = -11*j**3 - 9*j**2 + 22*j - 13. Give h(-6).
1907
Let h(n) = -1223*n - 108775. What is h(-89)?
72
Let a(k) = -8*k**3 + 49*k**2 - 9*k - 2. Calculate a(5).
178
Let m(l) = l**3 + 16*l**2 - 804*l - 154. Calculate m(-37).
845
Let f(q) = -q**3 + 50*q**2 + 3729*q + 280. Give f(91).
98
Let t(b) = 15*b - 129. Calculate t(7).
-24
Let i(w) = 153*w**2 + 223*w - 14. Calculate i(-2).
152
Let g(v) = -v**2 - 1130*v - 318075. What is g(-531)?
-6
Let y(l) = l**2 - 281608*l + 1126412. Give y(4).
-4
Let j(y) = -25375*y + 583658. Calculate j(23).
33
Let c(n) = -n**3 - 216*n**2 + 4463*n + 114. Give c(-235).
584
Let o(x) = 21*x**3 + 83*x**2 + 174*x - 1. Determine o(-2).
-185
Let a(k) = 132247*k + 1057972. Calculate a(-8).
-4
Let c(d) = 3*d**3 + 22*d**2 + 4*d + 138. Calculate c(-10).
-702
Let f(h) = 27810*h - 278140. Calculate f(10).
-40
Let z(r) = 11564*r - 231305. What is z(20)?
-25
Let h(a) = 99*a**3 - 11*a**2 - 9*a + 1. Calculate h(-1).
-100
Let g(y) = 55*y**3 - 1384*y**2 + 224*y + 23. What is g(25)?
-2
Let h(c) = 5*c**2 + 171*c - 115. What is h(-30)?
-745
Let v(c) = -4433*c + 452136. Calculate v(102).
-30
Let z(o) = 2*o**2 - 28*o - 5088. Calculate z(58).
16
Let q(y) = -40*y**2 + 8131*y + 47858. Give q(209).
-3
Let n(r) = -377698*r - 3021585. What is n(-8)?
-1
Let z(l) = -19*l**3 + 1226*l**2 - 658*l + 1147. Determine z(64).
-5
Let n(j) = 3642*j + 517175. Determine n(-142).
11
Let n(v) = -101*v**2 + 135*v + 11. Give n(-3).
-1303
Let r(a) = -18*a**2 + 779*a + 1442. Give r(45).
47
Let g(u) = -924099*u + 52673650. What is g(57)?
7
Let q(u) = -572*u - 63533. What is q(-111)?
-41
Let l(y) = y**2 - 17388*y + 295249. Determine l(17).
-58
Let y(x) = 17*x**3 + 4*x**2 - 46*x - 2. Determine y(0).
-2
Let a(t) = -94087*t - 658346. Calculate a(-7).
263
Let t(i) = -36*i**2 - 2627*i - 5051. Determine t(-71).
-10
Let n(h) = 2*h**3 + 288*h**2 - 1803*h - 544. Calculate n(-150).
-94
Let a(z) = -z**3 - 324*z**2 + 28014*z - 12242. What is a(-395)?
3
Let h(n) = 7*n**2 - 100*n - 2325. What is h(28)?
363
Let c(p) = p**2 - 207*p + 3073. Calculate c(15).
193
Let u(d) = 425*d - 22164. Calculate u(52).
-64
Let z(t) = -t**2 - 53873*t - 969406. Calculate z(-18).
-16
Let z(s) = 8*s**3 + 16181*s**2 + 10093*s - 34369. What is z(-2022)?
5
Let d(a) = -12*a**2 - 203*a - 177. What is d(-16)?
-1
Let r(i) = 26*i**2 + 2582*i + 5850. Give r(-97).
30
Let q(n) = 17*n**3 + 52*n**2 + 17*n. Calculate q(-3).
-42
Let t(u) = u**2 - 9812*u + 29429. Give t(3).
2
Let j(w) = -w**2 + 2388*w - 761. Give j(0).
-761
Let g(c) = 246*c**2 - 378*c + 5. Give g(1).
-127
Let k(u) = -u**2 + 205255*u - 1436736. Calculate k(7).
0
Let w(n) = 370*n**2 + 2795*n - 1298. What is w(-8)?
22
Let l(k) = 8*k**2 + 537*k - 413. What is l(-68)?
63
Let o(z) = 49*z**2 + 86*z + 361. Give o(-6).
1609
Let v(s) = -418858*s - 8377178. Determine v(-20).
-18
Let y(f) = -52261*f - 366130. Calculate y(-7).
-303
Let f(m) = 45*m**2 - 23538*m + 1558. What is f(523)?
-11
Let c(s) = -612952*s - 15936744. What is c(-26)?
8
Let x(g) = -15977*g + 176115. What is x(11)?
368
Let p(u) = 2*u**3 - 16*u**2 - 360*u - 273. Calculate p(-10).
-273
Let l(j) = -3777*j - 169951. Calculate l(-45).
14
Let g(j) = -j**2 - 674*j + 73046. Give g(95).
-9
Let b(o) = -o**3 - 73*o**2 - 70*o - 292. What is b(-72)?
-436
Let i(d) = -2*d**3 - 49*d**2 - 83. Determine i(-25).
542
Let d(y) = -y**3 - 44*y**2 - 109*y - 287. Give d(-42).
763
Let g(y) = -9*y + 670. What is g(72)?
22
Let q(u) = 21252*u + 22701. Give q(-1).
1449
Let c(o) = -30*o**3 + 12419*o**2 + 409*o + 2092. What is c(414)?
22
Let d(v) = -2*v**3 - 244*v**2 + 789*v + 66758. Determine d(-123).
-31
Let g(u) = -31*u**2 + 921*u - 6652. Calculate g(12).
-64
Let d(f) = 24*f**2 - 3096*f + 3071. Determine d(128).
-1
Let u(l) = 741*l + 14861. What is u(-21)?
-700
Let r(o) = -170*o**2 - 479*o + 8. Determine r(-3).
-85
Let c(z) = z**3 - 6*z**2 + 8165*z - 65426. Determine c(8).
22
Let s(i) = 8*i - 1300. Give s(35).
-1020
Let l(m) = m**2 - 613*m + 48249. Give l(521).
317
Let y(c) = 15*c**2 - 25*c + 872. Calculate y(12).
2732
Let z(r) = -r**3 - 180*r**2 - 1020*r + 150. Determine z(-6).
6
Let c(y) = 29*y**2 - 687*y + 2527. Calculate c(19).
-57
Let k(n) = n**2 - 5*n - 303. Give k(21).
33
Let c(o) = -6*o**3 - 7519*o**2 - 1254*o - 1274. Determine c(-1253).
-21
Let s(m) = -147*m**2 - 34*m + 67. Determine s(2).
-589
Let t(x) = -46*x - 8758. Determine t(-190).
-18
Let g(r) = -2*r**3 - 18*r**2 + 21*r + 117. What is g(-10)?
107
Let n(m) = -957*m + 2306. Calculate n(4).
-1522
Let l(b) = -1809*b**2 - 45179*b + 1149. What is l(-25)?
-1
Let u(y) = 3823*y + 787. Determine u(-1).
-3036
Let x(o) = -o**3 + 41*o**2 + 96*o - 1. Calculate x(-5).
669
Let i(y) = -254*y**2 + 17285*y - 882. Det